e remainder when d is divided by r.
27
Let w = -321 - -323. Suppose -4*q + q - j = -41, -q + w*j + 16 = 0. Calculate the remainder when q is divided by 7.
0
Suppose 0 = u - 9*u + 923 + 1549. Calculate the remainder when 327 is divided by u.
18
Suppose -144*m + 1326990 = 211*m. What is the remainder when m is divided by 16?
10
Let c(z) = 3*z**3 - 22*z**2 + 7*z - 6. Let m be c(7). Let k(i) = i**2 - 17*i - 54. Calculate the remainder when k(m) is divided by 15.
9
Suppose 3*r = 3 - 6, 2*q = 4*r + 6. Suppose 0 = 4*m - q - 67. What is the remainder when 252 is divided by m?
14
Let u(t) = -35*t - 211. Calculate the remainder when u(-9) is divided by 6.
2
Suppose 20*t - 9029 - 18471 = 0. Calculate the remainder when t is divided by 25.
0
What is the remainder when (-6 - -1) + -3 + (-5472)/(-8) is divided by 85?
81
Let s = -898 - -1051. What is the remainder when 525 is divided by s?
66
Let j be (-3 - 3)*99/(-22). Suppose j*x - 30*x = -267. Calculate the remainder when x is divided by 33.
23
Let y(f) = -f**3 - 12*f + 602. Let t be y(0). Suppose -19*g - 146 = -t. What is the remainder when 215 is divided by g?
23
Suppose a + 4*o + 111 = 2*o, -2*o = 2. Let b = -97 - a. What is the remainder when 58 is divided by b?
10
Let q = -673 + 677. Suppose -4*h = 3*r + 1 - 5, 0 = 4*r - 2*h + 2. Suppose r = 5*a - 91 + 11. Calculate the remainder when a is divided by q.
0
Let r(a) = -6*a**2 - 2*a + 57. Let o(s) = 3*s**2 - 20*s**2 + 166 + 6 - 5*s. Let x(t) = 4*o(t) - 11*r(t). What is the remainder when x(0) is divided by 9?
7
Suppose 0 = 9*y - 41 - 26 - 5. Suppose -2*w + 0*o - 2*o = -12, -2*w + 26 = -5*o. What is the remainder when w is divided by y?
0
Suppose -2*n + 6 = -0. Suppose -115 = -n*y - 2*y. Suppose 3*v + y = -4*s + 111, -4*s = v - 32. What is the remainder when v is divided by 16?
12
Let w = -61 - -58. Let n(y) = -28*y + 17. Let p be n(w). Let v = p + -81. What is the remainder when 76 is divided by v?
16
Let u(b) = b**2 + 34*b + 117. Calculate the remainder when u(-59) is divided by 397.
4
Suppose 3491 = 3*x + 3*i - 574, -i = 4. Suppose 20*q - x + 239 = 0. What is the remainder when 267 is divided by q?
43
Let a = -33 + 34. Suppose -5*k = 0, -4*j + 2*k + 13 = a. What is the remainder when j/18*-3*-56 is divided by 11?
6
Suppose 24*p - 31*p = -25*p + 2610. What is the remainder when 416 is divided by p?
126
Let c = -35 - -35. Suppose c*x + 36 = 5*l + 3*x, -2*x + 34 = 5*l. Calculate the remainder when (-90 + -6)*l/(-8) is divided by 19.
15
Suppose -19 = 2*q + 2*v - 21, 5*v = 0. Calculate the remainder when 57 + q - (-8 + 1) is divided by 4.
1
Let b(a) = 3*a**2 + 42*a + 135. What is the remainder when b(-3) is divided by 35?
1
Suppose 18 = -j + 29. Let x be -1 - j/(44/(-272)). Suppose -v - 3*v + x = 3*z, -5*v - 2*z + 82 = 0. Calculate the remainder when v is divided by 6.
4
Let k = -857 - -868. Suppose k*s - 43 = 287. What is the remainder when 134 is divided by s?
14
Let o(x) = -2*x**3 + 3*x**2 + 15*x + 13. Calculate the remainder when 241 is divided by o(-2).
10
Suppose -4*p = -u - 175, -4*p + 25 = 4*u - 155. Suppose 48 + p = -4*f. Let t = f - -28. What is the remainder when t is divided by 2?
1
Let z(g) be the first derivative of 5*g**4/4 + g**3 + g**2 - 17. Let c be z(-1). Calculate the remainder when ((-87)/c)/(3/20) is divided by 49.
47
Suppose 7*l = -772 + 2060. Suppose -74 = 168*g - 170*g. Calculate the remainder when l is divided by g.
36
Let z(b) = -b**2 + 56*b - 392. What is the remainder when 5083 is divided by z(9)?
30
Let m(p) = 4*p**3 - 2*p**2 + 4 + 2*p - 3*p + 2*p. Let c be m(3). Let b = -53 + c. What is the remainder when b is divided by 9?
8
Let a = -25 + 18. Calculate the remainder when (-62)/((-54)/42 - 2/a) is divided by 25.
12
Let z(y) be the second derivative of -5*y**3/6 - 7*y**2 + 27*y. Let w be z(-13). Suppose -58*m = -61*m + w. Calculate the remainder when m is divided by 7.
3
Suppose t - q - 38 = 0, -2*t = 881*q - 876*q - 118. What is the remainder when 2721 is divided by t?
37
Let r(j) = j**3 + 8*j**2 + 3*j - 20. What is the remainder when 246 is divided by r(-7)?
6
Let t be (-9 + 6)/(6/272). Suppose 0 = -5*j + 65. Calculate the remainder when (-65)/(-26)*t/(-10) is divided by j.
8
Suppose j - 4*i = 52 + 41, j + 4*i = 125. Let r = j - 116. What is the remainder when 32 is divided by (-1 + -16)/(6 + r)?
15
What is the remainder when (-16 + 11 - (-2318)/4)*1100/75 is divided by 17?
11
Let x(l) be the second derivative of l**4/4 - 22*l**3/3 - 247*l**2/2 + l - 121. Calculate the remainder when x(-7) is divided by (-2)/5 + 304/10.
28
Let j(k) = 244*k**3 + 4*k**2 - 31*k + 26. Calculate the remainder when 604 is divided by j(1).
118
Let g be (-8)/44 + 6/33. Suppose g = -3*l + 4*u + 11 + 31, 3 = u. What is the remainder when 51 is divided by l?
15
Suppose -a - m = -12 - 45, 62 = a + 2*m. Suppose 54*c - 224 = a*c. Suppose 14*d = 10*d + c. Calculate the remainder when 81 is divided by d.
25
Suppose -16*r + 990 + 946 = 0. Suppose 25*u - 554 - r = 0. Suppose -4*c - 2*j = -5*c + 25, -4*c + 5*j + 85 = 0. What is the remainder when u is divided by c?
12
Suppose -3*z + 435 = 2*l + 2*l, -4*l - 552 = -4*z. Suppose 0 = -3*g + 3*d + z, -2*g + 5*d = -112 + 6. What is the remainder when g is divided by 16?
11
Let a be (-5)/(-15) + 296/(-24). Let g = 68 + a. Calculate the remainder when 334 is divided by g.
54
Suppose -z + 652 + 266 = 2*x, -5*x + 2304 = -2*z. Calculate the remainder when x is divided by 16.
12
Calculate the remainder when 1382 is divided by (-126)/(-5)*30/(-54)*-3.
38
Let o = 2247 - 2076. Calculate the remainder when o is divided by 41.
7
Suppose -14*q = -19*q + 5, -2*j - 4*q = 224. Let l = j - -126. What is the remainder when 202 is divided by l?
10
Let b(s) = -58 - 19*s - 27*s + 50*s. Let n(t) = -37*t - 9. What is the remainder when n(-3) is divided by b(21)?
24
Let g(x) = -3*x**3 - x**2 - 4*x - 22. Calculate the remainder when 76 is divided by g(-3).
14
Suppose 0 = 3*b - 6, 0 = -5*x - 3*b + 5*b - 44. Let n(p) = p**2 + 4*p + 10. Let o(i) = i**2 - 28*i + 275. Calculate the remainder when o(12) is divided by n(x).
41
Suppose -2*g - 16*d + 20*d - 1774 = 0, 0 = -2*d + 6. Let r = -710 - g. Calculate the remainder when r is divided by 47.
30
Let w(v) = 92*v - 282. Let p be w(3). Let b(d) = -9 + d + 38 + 1. Calculate the remainder when 45 is divided by b(p).
21
Suppose -2*y = -2*r - 1656, 2*r - 2441 = -4*y + 883. What is the remainder when y is divided by 103?
6
Let w(a) = -a**3 + 9*a**2 + 4*a - 18. Let c be w(9). Calculate the remainder when 7508/c - (219/27 + -8) is divided by 42.
39
Let n(s) = 58*s**2 - s. Let x = -99843 + 99873. What is the remainder when n(1) is divided by x?
27
Let t(y) = -y**2 + 23*y - 92. Let b be t(17). Calculate the remainder when 136 is divided by 33 + (4/b)/((-2)/(-10)).
31
Suppose -80 = 26*w - 34*w. Suppose w*k - 3377 = -k. What is the remainder when k is divided by 44?
43
Suppose 21920 = 19*u + 7955. Calculate the remainder when u is divided by 275.
185
Let r(o) = o**3 + 15*o**2 - 3*o - 14. Let i = 23 - 38. Let g be r(i). Suppose -3*n + g + 8 = 0. What is the remainder when 37 is divided by n?
11
What is the remainder when (528/28)/((-17)/(-952)) is divided by 55?
11
Let s(z) = 3*z**3 + 22*z**2 + 37*z + 219. Calculate the remainder when 527 is divided by s(-7).
5
Let m = -122 + 49. Let y = m + 121. Suppose 4*h - 12 = 28. Calculate the remainder when y is divided by h.
8
What is the remainder when 2285 is divided by (-30)/135 - 8/72*-668?
65
Let w(k) = 66*k**2 - 11*k + 11. What is the remainder when 281 is divided by w(1)?
17
Let b(u) = -2*u + 1. Let i(t) = 54*t - 72. Let o(w) = 30*b(w) + i(w). Calculate the remainder when o(-11) is divided by 5.
4
Suppose 0 = -4*i - 2003 + 2635. Calculate the remainder when i is divided by -4*2/(-16)*80.
38
Suppose 5*y + 37*p = 35*p + 874, 3*p - 167 = -y. What is the remainder when y is divided by 26?
20
Suppose 6*u + 6 - 42 = 0. Suppose u*b - 228 = -6*b. Let f(x) = 3*x**2 + 5*x - 7. Calculate the remainder when f(5) is divided by b.
17
Suppose 0 = 2*z - 10*x + 13*x - 8, 3*x = 3*z + 18. What is the remainder when z/(-24)*2919 - (-6)/8 is divided by 35?
34
Suppose -12*f = 56*f - 3672. Calculate the remainder when 2373 is divided by f.
51
Suppose -49*c = -41*c - 2920. Suppos